{"id":12,"date":"2025-08-05T23:44:50","date_gmt":"2025-08-05T23:44:50","guid":{"rendered":"https:\/\/jcorrealegal.com\/home\/?page_id=12"},"modified":"2025-08-26T11:20:56","modified_gmt":"2025-08-26T16:20:56","slug":"detalles-del-proyecto","status":"publish","type":"page","link":"https:\/\/jcorrealegal.com\/home\/detalles-del-proyecto\/","title":{"rendered":"Detalles del proyecto"},"content":{"rendered":"\t\t<div data-elementor-type=\"wp-page\" data-elementor-id=\"12\" class=\"elementor elementor-12\">\n\t\t\t\t<div class=\"elementor-element elementor-element-eea8479 e-con-full e-flex e-con e-parent\" data-id=\"eea8479\" data-element_type=\"container\">\n\t\t\t\t<div class=\"elementor-element elementor-element-c187806 elementor-widget elementor-widget-image\" data-id=\"c187806\" data-element_type=\"widget\" data-widget_type=\"image.default\">\n\t\t\t\t\t\t\t\t\t\t\t\t\t\t\t<img fetchpriority=\"high\" decoding=\"async\" width=\"1500\" height=\"502\" src=\"https:\/\/jcorrealegal.com\/home\/wp-content\/uploads\/2025\/08\/BannerPersonas_sin_txt.jpg\" class=\"attachment-full size-full wp-image-805\" alt=\"\" srcset=\"https:\/\/jcorrealegal.com\/home\/wp-content\/uploads\/2025\/08\/BannerPersonas_sin_txt.jpg 1500w, https:\/\/jcorrealegal.com\/home\/wp-content\/uploads\/2025\/08\/BannerPersonas_sin_txt-300x100.jpg 300w, https:\/\/jcorrealegal.com\/home\/wp-content\/uploads\/2025\/08\/BannerPersonas_sin_txt-1024x343.jpg 1024w, https:\/\/jcorrealegal.com\/home\/wp-content\/uploads\/2025\/08\/BannerPersonas_sin_txt-768x257.jpg 768w\" sizes=\"(max-width: 1500px) 100vw, 1500px\" \/>\t\t\t\t\t\t\t\t\t\t\t\t\t\t\t<\/div>\n\t\t\t\t<\/div>\n\t\t<div class=\"elementor-element elementor-element-0d33bc7 e-flex e-con-boxed e-con e-parent\" data-id=\"0d33bc7\" data-element_type=\"container\">\n\t\t\t\t\t<div class=\"e-con-inner\">\n\t\t\t\t<div class=\"elementor-element elementor-element-688d38b elementor-widget elementor-widget-text-editor\" data-id=\"688d38b\" data-element_type=\"widget\" data-widget_type=\"text-editor.default\">\n\t\t\t\t\t\t\t\t\t<p style=\"text-align: justify;\">Somos una firma altamente especializada de abogados apasionados por brindar soluciones legales excepcionales en el \u00e1mbito del derecho comercial internacional, seguros, transporte, litigios, resoluci\u00f3n de disputas, y manejo de riesgos.<\/p><p style=\"text-align: justify;\">Nuestra singularidad radica en la combinaci\u00f3n de experiencia especializada, un enfoque personalizado y la integraci\u00f3n de conocimientos multidisciplinarios.<\/p><p style=\"text-align: justify;\">Nuestra Historia inicia en 1996 cuando John Jairo Correa emprende el ejercicio profesional independiente despu\u00e9s de haber trabajado por m\u00e1s de 10 a\u00f1os con empresas dedicadas al comercio internacional y haber estudiado y trabajado en el Reino Unido.<\/p>\t\t\t\t\t\t\t\t<\/div>\n\t\t\t\t\t<\/div>\n\t\t\t\t<\/div>\n\t\t<div class=\"elementor-element elementor-element-8f618c6 e-flex e-con-boxed e-con e-parent\" data-id=\"8f618c6\" data-element_type=\"container\">\n\t\t\t\t\t<div class=\"e-con-inner\">\n\t\t\t\t<div class=\"elementor-element elementor-element-1636f25 elementor-widget elementor-widget-text-editor\" data-id=\"1636f25\" data-element_type=\"widget\" data-widget_type=\"text-editor.default\">\n\t\t\t\t\t\t\t\t\t<h2 style=\"text-align: center;\"><span style=\"color: #5061f9;\">Nuestro equipo\u00a0 multidisciplinario se caracteriza por las siguientes habilidades y competencias<\/span><\/h2>\t\t\t\t\t\t\t\t<\/div>\n\t\t\t\t\t<\/div>\n\t\t\t\t<\/div>\n\t\t<div class=\"elementor-element elementor-element-444cd40 e-flex e-con-boxed e-con e-parent\" data-id=\"444cd40\" data-element_type=\"container\">\n\t\t\t\t\t<div class=\"e-con-inner\">\n\t\t\t\t<div class=\"elementor-element elementor-element-9dc4b21 elementor-widget elementor-widget-text-editor\" data-id=\"9dc4b21\" data-element_type=\"widget\" data-widget_type=\"text-editor.default\">\n\t\t\t\t\t\t\t\t\t<p><img decoding=\"async\" class=\"alignnone size-full wp-image-195\" src=\"https:\/\/jcorrealegal.com\/home\/wp-content\/uploads\/2025\/08\/IconoChulo.jpg\" alt=\"\" width=\"28\" height=\"24\" \/>\u00a0Conocimiento Jur\u00eddico especializado en las \u00e1reas de pr\u00e1ctica.<br \/><img decoding=\"async\" class=\"alignnone size-full wp-image-195\" src=\"https:\/\/jcorrealegal.com\/home\/wp-content\/uploads\/2025\/08\/IconoChulo.jpg\" alt=\"\" width=\"28\" height=\"24\" \/>\u00a0Comunicaci\u00f3n efectiva con los clientes y dem\u00e1s actores<br \/><img decoding=\"async\" class=\"alignnone size-full wp-image-195\" src=\"https:\/\/jcorrealegal.com\/home\/wp-content\/uploads\/2025\/08\/IconoChulo.jpg\" alt=\"\" width=\"28\" height=\"24\" \/>\u00a0Identificaci\u00f3n y Resoluci\u00f3n de Problemas.<br \/><img decoding=\"async\" class=\"alignnone size-full wp-image-195\" src=\"https:\/\/jcorrealegal.com\/home\/wp-content\/uploads\/2025\/08\/IconoChulo.jpg\" alt=\"\" width=\"28\" height=\"24\" \/>\u00a0Trabajo en Equipo con abogados y profesionales de otras disciplinas.<br \/><img decoding=\"async\" class=\"alignnone size-full wp-image-195\" src=\"https:\/\/jcorrealegal.com\/home\/wp-content\/uploads\/2025\/08\/IconoChulo.jpg\" alt=\"\" width=\"28\" height=\"24\" \/>\u00a0Adaptabilidad a las nuevas realidades de la sociedad<br \/><img decoding=\"async\" class=\"alignnone size-full wp-image-195\" src=\"https:\/\/jcorrealegal.com\/home\/wp-content\/uploads\/2025\/08\/IconoChulo.jpg\" alt=\"\" width=\"28\" height=\"24\" \/>\u00a0Integridad y \u00c9tica en todas sus actuaciones<br \/><img decoding=\"async\" class=\"alignnone size-full wp-image-195\" src=\"https:\/\/jcorrealegal.com\/home\/wp-content\/uploads\/2025\/08\/IconoChulo.jpg\" alt=\"\" width=\"28\" height=\"24\" \/>\u00a0Colaboraci\u00f3n Interdisciplinaria para integrar estrategias legales.<\/p>\t\t\t\t\t\t\t\t<\/div>\n\t\t\t\t\t<\/div>\n\t\t\t\t<\/div>\n\t\t<div class=\"elementor-element elementor-element-49b76fc e-grid e-con-boxed e-con e-parent\" data-id=\"49b76fc\" data-element_type=\"container\">\n\t\t\t\t\t<div class=\"e-con-inner\">\n\t\t\t\t<div class=\"elementor-element elementor-element-cf573bd elementor-invisible elementor-widget elementor-widget-image\" data-id=\"cf573bd\" data-element_type=\"widget\" data-settings=\"{&quot;_animation&quot;:&quot;fadeInLeft&quot;}\" data-widget_type=\"image.default\">\n\t\t\t\t\t\t\t\t\t\t\t\t\t\t\t<img decoding=\"async\" width=\"300\" height=\"300\" src=\"https:\/\/jcorrealegal.com\/home\/wp-content\/uploads\/2025\/08\/FotosPersonas-26-300x300.jpg\" class=\"attachment-medium size-medium wp-image-170\" alt=\"\" srcset=\"https:\/\/jcorrealegal.com\/home\/wp-content\/uploads\/2025\/08\/FotosPersonas-26-300x300.jpg 300w, https:\/\/jcorrealegal.com\/home\/wp-content\/uploads\/2025\/08\/FotosPersonas-26-150x150.jpg 150w, https:\/\/jcorrealegal.com\/home\/wp-content\/uploads\/2025\/08\/FotosPersonas-26.jpg 500w\" sizes=\"(max-width: 300px) 100vw, 300px\" \/>\t\t\t\t\t\t\t\t\t\t\t\t\t\t\t<\/div>\n\t\t\t\t<div class=\"elementor-element elementor-element-f6868eb elementor-widget elementor-widget-text-editor\" data-id=\"f6868eb\" data-element_type=\"widget\" data-widget_type=\"text-editor.default\">\n\t\t\t\t\t\t\t\t\t<h3>John Jairo Correa<br \/><span style=\"color: #5061f9;\">CEO Fundador<\/span><\/h3><p>Abogado de la UNIVERSIDAD DE LOS ANDES (Bogot\u00e1, 1984), Master en <br \/>Derecho Comercial Internacional y Derecho Privado de CAMBRIDGE <br \/>UNIVERSITY ( U.K. 1996).<\/p><p>Ha trabajado temporalmente en Londres con las oficinas de abogados <br \/>inglesas RICHARDS BUTLER y HOLMAN FENWICK AND WILLAN (1996). <br \/>Miembro de la Asociaci\u00f3n Colombiana de Derecho de Seguros ( ACOLDESE ), <br \/>de la Asociaci\u00f3n Brit\u00e1nica de Derecho de Seguros (BILA) y de la Asociaci\u00f3n <br \/>Internacional de Abogados (INTERNATIONAL BAR ASSOCIATION); Miembro <br \/>de la C\u00e1mara de Comercio Colombo \u2013 Brit\u00e1nica, y de la Asociaci\u00f3n Colombo \u2013 <br \/>China; Alumni Representative en Colombia para los egresados de la <br \/>Universidad de Cambridge; conferencista sobre temas de negociaci\u00f3n y <br \/>Derecho Internacional Privado.<\/p><p>Ha sido reconocido como leading lawyer en Colombia desde 2015 por la <br \/>publicaci\u00f3n brit\u00e1nica Chambers &amp; Partners. Candidato a mejor abogado de <br \/>derecho de seguros en Colombia para 2025 por la publicaci\u00f3n Legal 500. Fue <br \/>escogido en 2023 como mejor abogado de Colombia en derecho mar\u00edtimo por <br \/>la publicaci\u00f3n Best Lawyers.<\/p><p>Ha sido director del observatorio jur\u00eddico de la Asociaci\u00f3n Latinoamericana de <br \/>Suscriptores de Seguros ALSUM.<\/p><p>Desde 1996 y a trav\u00e9s de su firma JCORREA ABOGADOS S.A.S presta los <br \/>servicios de estrategia jur\u00eddica, negociaci\u00f3n de disputas, litigio y mecanismos <br \/>alternativos, para Compa\u00f1\u00edas Internacionales y Nacionales en las \u00e1reas de <br \/>Derecho Comercial y Civil, con \u00e9nfasis en Derecho Comercial Internacional, <br \/>Transporte Mar\u00edtimo, Seguros, Reaseguros, Compraventas Internacionales, <br \/>Derecho Corporativo y Financiero.<\/p>\t\t\t\t\t\t\t\t<\/div>\n\t\t\t\t\t<\/div>\n\t\t\t\t<\/div>\n\t\t<div class=\"elementor-element elementor-element-a6b1cea e-grid e-con-boxed e-con e-parent\" data-id=\"a6b1cea\" data-element_type=\"container\">\n\t\t\t\t\t<div class=\"e-con-inner\">\n\t\t\t\t<div class=\"elementor-element elementor-element-457997f elementor-widget elementor-widget-text-editor\" data-id=\"457997f\" data-element_type=\"widget\" data-widget_type=\"text-editor.default\">\n\t\t\t\t\t\t\t\t\t<h3>Mariantu\u00e1 Correa<br \/><span style=\"color: #5061f9;\">Abogada<\/span><\/h3><p>Abogada y literata de la Universidad de los Andes (2018). Especialista en <br \/>argumentaci\u00f3n jur\u00eddica y derecho Constitucional.<\/p><p>C\u00f3mo abogada se dedica a la estructuraci\u00f3n argumental y redacci\u00f3n de <br \/>tutelas contra providencias judiciales y casaciones. Ha trabajado en la Cl\u00ednica <br \/>jur\u00eddica de medio ambiente y salud p\u00fablica de la Universidad de los Andes.<\/p><p>Maestra en creaci\u00f3n literaria por la Universidad Pompeu Fabra (2021).<br \/>Es tambi\u00e9n escritora de relatos y novelas.<\/p>\t\t\t\t\t\t\t\t<\/div>\n\t\t\t\t<div class=\"elementor-element elementor-element-2457893 elementor-invisible elementor-widget elementor-widget-image\" data-id=\"2457893\" data-element_type=\"widget\" data-settings=\"{&quot;_animation&quot;:&quot;fadeInRight&quot;}\" data-widget_type=\"image.default\">\n\t\t\t\t\t\t\t\t\t\t\t\t\t\t\t<img loading=\"lazy\" decoding=\"async\" width=\"300\" height=\"300\" src=\"https:\/\/jcorrealegal.com\/home\/wp-content\/uploads\/2025\/08\/FotosPersonas-27-300x300.jpg\" class=\"attachment-medium size-medium wp-image-171\" alt=\"\" srcset=\"https:\/\/jcorrealegal.com\/home\/wp-content\/uploads\/2025\/08\/FotosPersonas-27-300x300.jpg 300w, https:\/\/jcorrealegal.com\/home\/wp-content\/uploads\/2025\/08\/FotosPersonas-27-150x150.jpg 150w, https:\/\/jcorrealegal.com\/home\/wp-content\/uploads\/2025\/08\/FotosPersonas-27.jpg 500w\" sizes=\"(max-width: 300px) 100vw, 300px\" \/>\t\t\t\t\t\t\t\t\t\t\t\t\t\t\t<\/div>\n\t\t\t\t\t<\/div>\n\t\t\t\t<\/div>\n\t\t<div class=\"elementor-element elementor-element-faca92e e-grid e-con-boxed e-con e-parent\" data-id=\"faca92e\" data-element_type=\"container\">\n\t\t\t\t\t<div class=\"e-con-inner\">\n\t\t\t\t<div class=\"elementor-element elementor-element-e3588ff elementor-invisible elementor-widget elementor-widget-image\" data-id=\"e3588ff\" data-element_type=\"widget\" data-settings=\"{&quot;_animation&quot;:&quot;fadeInLeft&quot;}\" data-widget_type=\"image.default\">\n\t\t\t\t\t\t\t\t\t\t\t\t\t\t\t<img loading=\"lazy\" decoding=\"async\" width=\"300\" height=\"300\" src=\"https:\/\/jcorrealegal.com\/home\/wp-content\/uploads\/2025\/08\/FotosPersonas-28-300x300.jpg\" class=\"attachment-medium size-medium wp-image-172\" alt=\"\" srcset=\"https:\/\/jcorrealegal.com\/home\/wp-content\/uploads\/2025\/08\/FotosPersonas-28-300x300.jpg 300w, https:\/\/jcorrealegal.com\/home\/wp-content\/uploads\/2025\/08\/FotosPersonas-28-150x150.jpg 150w, https:\/\/jcorrealegal.com\/home\/wp-content\/uploads\/2025\/08\/FotosPersonas-28.jpg 500w\" sizes=\"(max-width: 300px) 100vw, 300px\" \/>\t\t\t\t\t\t\t\t\t\t\t\t\t\t\t<\/div>\n\t\t\t\t<div class=\"elementor-element elementor-element-e7f18bf elementor-widget elementor-widget-text-editor\" data-id=\"e7f18bf\" data-element_type=\"widget\" data-widget_type=\"text-editor.default\">\n\t\t\t\t\t\t\t\t\t<h3>Andr\u00e9s Felipe \u00c1vila \u00c1vila<br \/><span style=\"color: #5061f9;\">Abogado Senior<\/span><\/h3><p>Abogado y polit\u00f3logo, con especializaci\u00f3n en Derecho Comercial y Maestr\u00eda <br \/>en Derecho Privado (Cum Laude) de la Universidad de los Andes.<\/p><p>Cuenta con amplia experiencia en conciliaciones y litigios en las \u00e1reas <br \/>comercial, civil y administrativa, as\u00ed como en asuntos relacionados con el <br \/>transporte mar\u00edtimo internacional. Se ha especializado en la resoluci\u00f3n de <br \/>conflictos y en el dise\u00f1o de estrategias jur\u00eddicas exitosas para empresas <br \/>internacionales y grupos econ\u00f3micos nacionales.<\/p>\t\t\t\t\t\t\t\t<\/div>\n\t\t\t\t\t<\/div>\n\t\t\t\t<\/div>\n\t\t<div class=\"elementor-element elementor-element-84aa8c1 e-grid e-con-boxed e-con e-parent\" data-id=\"84aa8c1\" data-element_type=\"container\">\n\t\t\t\t\t<div class=\"e-con-inner\">\n\t\t\t\t<div class=\"elementor-element elementor-element-91d359d elementor-widget elementor-widget-text-editor\" data-id=\"91d359d\" data-element_type=\"widget\" data-widget_type=\"text-editor.default\">\n\t\t\t\t\t\t\t\t\t<h3>Laura Londo\u00f1o Garavito<br \/><span style=\"color: #5061f9;\">Abogada<\/span><\/h3><p>Abogada Universidad Externado de Colombia, Bogot\u00e1, Colombia <br \/>Especializaci\u00f3n en Derecho Comercial Universidad de los Andes, Bogot\u00e1, <br \/>Colombia.<\/p><p>Abogada con una s\u00f3lida formaci\u00f3n y amplia experiencia en derecho <br \/>comercial, corporativo y civil. Su carrera se ha enfocado en proporcionar <br \/>asesor\u00eda integral a personas naturales y jur\u00eddicas en una variedad de \u00e1reas <br \/>legales, incluyendo propiedad intelectual, derecho mar\u00edtimo, derecho <br \/>societario, derecho de la competencia, derecho contractual, derecho de los <br \/>seguros, derecho del transporte y derecho procesal.<\/p>\t\t\t\t\t\t\t\t<\/div>\n\t\t\t\t<div class=\"elementor-element elementor-element-7de47cd elementor-invisible elementor-widget elementor-widget-image\" data-id=\"7de47cd\" data-element_type=\"widget\" data-settings=\"{&quot;_animation&quot;:&quot;fadeInRight&quot;}\" data-widget_type=\"image.default\">\n\t\t\t\t\t\t\t\t\t\t\t\t\t\t\t<img loading=\"lazy\" decoding=\"async\" width=\"300\" height=\"300\" src=\"https:\/\/jcorrealegal.com\/home\/wp-content\/uploads\/2025\/08\/FotosPersonas-29-300x300.jpg\" class=\"attachment-medium size-medium wp-image-168\" alt=\"\" srcset=\"https:\/\/jcorrealegal.com\/home\/wp-content\/uploads\/2025\/08\/FotosPersonas-29-300x300.jpg 300w, https:\/\/jcorrealegal.com\/home\/wp-content\/uploads\/2025\/08\/FotosPersonas-29-150x150.jpg 150w, https:\/\/jcorrealegal.com\/home\/wp-content\/uploads\/2025\/08\/FotosPersonas-29.jpg 500w\" sizes=\"(max-width: 300px) 100vw, 300px\" \/>\t\t\t\t\t\t\t\t\t\t\t\t\t\t\t<\/div>\n\t\t\t\t\t<\/div>\n\t\t\t\t<\/div>\n\t\t<div class=\"elementor-element elementor-element-e3f573e e-grid e-con-boxed e-con e-parent\" data-id=\"e3f573e\" data-element_type=\"container\">\n\t\t\t\t\t<div class=\"e-con-inner\">\n\t\t\t\t<div class=\"elementor-element elementor-element-edb07cd elementor-invisible elementor-widget elementor-widget-image\" data-id=\"edb07cd\" data-element_type=\"widget\" data-settings=\"{&quot;_animation&quot;:&quot;fadeInLeft&quot;}\" data-widget_type=\"image.default\">\n\t\t\t\t\t\t\t\t\t\t\t\t\t\t\t<img loading=\"lazy\" decoding=\"async\" width=\"300\" height=\"300\" src=\"https:\/\/jcorrealegal.com\/home\/wp-content\/uploads\/2025\/08\/Foto-Jaime-300x300.jpg\" class=\"attachment-medium size-medium wp-image-306\" alt=\"\" srcset=\"https:\/\/jcorrealegal.com\/home\/wp-content\/uploads\/2025\/08\/Foto-Jaime-300x300.jpg 300w, https:\/\/jcorrealegal.com\/home\/wp-content\/uploads\/2025\/08\/Foto-Jaime-150x150.jpg 150w, https:\/\/jcorrealegal.com\/home\/wp-content\/uploads\/2025\/08\/Foto-Jaime.jpg 500w\" sizes=\"(max-width: 300px) 100vw, 300px\" \/>\t\t\t\t\t\t\t\t\t\t\t\t\t\t\t<\/div>\n\t\t\t\t<div class=\"elementor-element elementor-element-0ad3bc0 elementor-widget elementor-widget-text-editor\" data-id=\"0ad3bc0\" data-element_type=\"widget\" data-widget_type=\"text-editor.default\">\n\t\t\t\t\t\t\t\t\t<h3>Jaime Eduardo Santos Mera<br \/><span style=\"color: #5061f9;\">Consejero<\/span><\/h3><p>Consultor senior en gobierno corporativo, con amplia trayectoria en el dise\u00f1o de modelos orientados a la sostenibilidad empresarial. Experto en estructuras organizacionales, gesti\u00f3n de riesgos emergentes, litigios estrat\u00e9gicos y procesos de fusi\u00f3n, adquisici\u00f3n y sucesi\u00f3n. Ha liderado equipos interdisciplinarios en entornos complejos, promoviendo confianza institucional y sostenibilidad.<\/p><p>Con experiencia directiva en los sectores bancario y asegurador, actualmente asesora a inversionistas extranjeros y empresas nacionales en asuntos societarios, contractuales y regulatorios. Su enfoque integra visi\u00f3n estrat\u00e9gica, solidez jur\u00eddica y profundo conocimiento del ecosistema financiero colombiano.<\/p><p>Autor de m\u00e1s de diez obras sobre banca, fraude corporativo, criminalidad inform\u00e1tica y buen gobierno, entre las que se destacan R\u00e9gimen Bancario Colombiano, R\u00e9gimen Contable Colombiano, Geometr\u00eda del Fraude y Corporate Governance: 30 casos.<\/p><p>Formaci\u00f3n jur\u00eddica en la Universidad de los Andes, con estudios de derecho, especializaci\u00f3n en derecho comercial, conciliaci\u00f3n y m\u00e1ster en negocios(EMBA).<\/p>\t\t\t\t\t\t\t\t<\/div>\n\t\t\t\t\t<\/div>\n\t\t\t\t<\/div>\n\t\t\t\t<\/div>\n\t\t","protected":false},"excerpt":{"rendered":"<p>Somos una firma altamente especializada de abogados apasionados por brindar soluciones legales excepcionales en el \u00e1mbito del derecho comercial internacional, seguros, transporte, litigios, resoluci\u00f3n de disputas, y manejo de riesgos. Nuestra singularidad radica en la combinaci\u00f3n de experiencia especializada, un enfoque personalizado y la integraci\u00f3n de conocimientos multidisciplinarios. Nuestra Historia inicia en 1996 cuando John&hellip;&nbsp;<\/p>\n","protected":false},"author":1,"featured_media":0,"parent":0,"menu_order":0,"comment_status":"closed","ping_status":"closed","template":"page-templates\/template-pagebuilder-full-width.php","meta":{"neve_meta_sidebar":"","neve_meta_container":"","neve_meta_enable_content_width":"on","neve_meta_content_width":100,"neve_meta_title_alignment":"","neve_meta_author_avatar":"","neve_post_elements_order":"","neve_meta_disable_header":"","neve_meta_disable_footer":"","neve_meta_disable_title":"on","neve_meta_reading_time":"","footnotes":""},"class_list":["post-12","page","type-page","status-publish","hentry"],"_links":{"self":[{"href":"https:\/\/jcorrealegal.com\/home\/wp-json\/wp\/v2\/pages\/12","targetHints":{"allow":["GET"]}}],"collection":[{"href":"https:\/\/jcorrealegal.com\/home\/wp-json\/wp\/v2\/pages"}],"about":[{"href":"https:\/\/jcorrealegal.com\/home\/wp-json\/wp\/v2\/types\/page"}],"author":[{"embeddable":true,"href":"https:\/\/jcorrealegal.com\/home\/wp-json\/wp\/v2\/users\/1"}],"replies":[{"embeddable":true,"href":"https:\/\/jcorrealegal.com\/home\/wp-json\/wp\/v2\/comments?post=12"}],"version-history":[{"count":112,"href":"https:\/\/jcorrealegal.com\/home\/wp-json\/wp\/v2\/pages\/12\/revisions"}],"predecessor-version":[{"id":896,"href":"https:\/\/jcorrealegal.com\/home\/wp-json\/wp\/v2\/pages\/12\/revisions\/896"}],"wp:attachment":[{"href":"https:\/\/jcorrealegal.com\/home\/wp-json\/wp\/v2\/media?parent=12"}],"curies":[{"name":"wp","href":"https:\/\/api.w.org\/{rel}","templated":true}]}}